 73
What are the prime factors of 7977?
3, 2659
What are the prime factors of 26056?
2, 3257
What are the prime factors of 27?
3
What are the prime factors of 6215?
5, 11, 113
What are the prime factors of 1283?
1283
List the prime factors of 325.
5, 13
What are the prime factors of 58722?
2, 3, 9787
What are the prime factors of 1754?
2, 877
What are the prime factors of 1158?
2, 3, 193
List the prime factors of 727.
727
List the prime factors of 3064.
2, 383
List the prime factors of 31947.
3, 23, 463
What are the prime factors of 37673?
101, 373
List the prime factors of 1617.
3, 7, 11
What are the prime factors of 12336?
2, 3, 257
What are the prime factors of 64384?
2, 503
List the prime factors of 3707.
11, 337
What are the prime factors of 3291?
3, 1097
List the prime factors of 598.
2, 13, 23
List the prime factors of 7405.
5, 1481
What are the prime factors of 5207?
41, 127
List the prime factors of 852.
2, 3, 71
What are the prime factors of 2771?
17, 163
What are the prime factors of 2102?
2, 1051
List the prime factors of 13807.
13807
What are the prime factors of 17363?
97, 179
What are the prime factors of 1859?
11, 13
List the prime factors of 3928.
2, 491
List the prime factors of 18409.
41, 449
List the prime factors of 4972.
2, 11, 113
List the prime factors of 6470.
2, 5, 647
What are the prime factors of 29801?
17, 1753
List the prime factors of 2547.
3, 283
What are the prime factors of 961?
31
List the prime factors of 140081.
127, 1103
List the prime factors of 50786.
2, 67, 379
What are the prime factors of 952?
2, 7, 17
List the prime factors of 10372.
2, 2593
List the prime factors of 20827.
59, 353
List the prime factors of 1658.
2, 829
List the prime factors of 11757.
3, 3919
List the prime factors of 7511.
7, 29, 37
What are the prime factors of 35036?
2, 19, 461
What are the prime factors of 13776?
2, 3, 7, 41
List the prime factors of 14352.
2, 3, 13, 23
List the prime factors of 34280.
2, 5, 857
What are the prime factors of 9004?
2, 2251
What are the prime factors of 7747?
61, 127
List the prime factors of 440.
2, 5, 11
List the prime factors of 894.
2, 3, 149
What are the prime factors of 48576?
2, 3, 11, 23
What are the prime factors of 172?
2, 43
List the prime factors of 2954.
2, 7, 211
What are the prime factors of 62401?
62401
List the prime factors of 2649.
3, 883
What are the prime factors of 265?
5, 53
What are the prime factors of 2998?
2, 1499
What are the prime factors of 5912?
2, 739
What are the prime factors of 231?
3, 7, 11
List the prime factors of 37540.
2, 5, 1877
List the prime factors of 42421.
59, 719
What are the prime factors of 146511?
3, 73, 223
What are the prime factors of 3562?
2, 13, 137
What are the prime factors of 8064?
2, 3, 7
List the prime factors of 31620.
2, 3, 5, 17, 31
What are the prime factors of 77044?
2, 11, 17, 103
What are the prime factors of 108?
2, 3
What are the prime factors of 79550?
2, 5, 37, 43
What are the prime factors of 781?
11, 71
List the prime factors of 168838.
2, 29, 41, 71
List the prime factors of 60437.
13, 4649
What are the prime factors of 2375?
5, 19
What are the prime factors of 1357?
23, 59
List the prime factors of 90945.
3, 5, 43, 47
List the prime factors of 439.
439
What are the prime factors of 12186?
2, 3, 677
List the prime factors of 3924.
2, 3, 109
What are the prime factors of 1316?
2, 7, 47
List the prime factors of 9114.
2, 3, 7, 31
List the prime factors of 77300.
2, 5, 773
What are the prime factors of 2146?
2, 29, 37
List the prime factors of 33052.
2, 8263
List the prime factors of 66528.
2, 3, 7, 11
List the prime factors of 43575.
3, 5, 7, 83
List the prime factors of 49444.
2, 47, 263
List the prime factors of 23988.
2, 3, 1999
What are the prime factors of 9000?
2, 3, 5
What are the prime factors of 34337?
34337
List the prime factors of 4441.
4441
What are the prime factors of 825?
3, 5, 11
List the prime factors of 30848.
2, 241
List the prime factors of 16690.
2, 5, 1669
What are the prime factors of 1845?
3, 5, 41
What are the prime factors of 26529?
3, 37, 239
List the prime factors of 22535.
5, 4507
List the prime factors of 26.
2, 13
List the prime factors of 15852.
2, 3, 1321
What are the prime factors of 893?
19, 47
What are the prime factors of 183?
3, 61
List the prime factors of 2853.
3, 317
What are the prime factors of 1382?
2, 691
List the prime factors of 3386.
2, 1693
List the prime factors of 87916.
2, 31, 709
What are the prime factors of 88000?
2, 5, 11
List the prime factors of 8138.
2, 13, 313
List the prime factors of 959.
7, 137
List the prime factors of 76373.
11, 53, 131
List the prime factors of 343.
7
List the prime factors of 12206.
2, 17, 359
List the prime factors of 21974.
2, 10987
What are the prime factors of 287?
7, 41
What are the prime factors of 37923?
3, 12641
What are the prime factors of 211763?
421, 503
What are the prime factors of 14?
2, 7
What are the prime factors of 476?
2, 7, 17
List the prime factors of 220.
2, 5, 11
What are the prime factors of 223?
223
What are the prime factors of 4415?
5, 883
What are the prime factors of 9085?
5, 23, 79
What are the prime factors of 11798?
2, 17, 347
List the prime factors of 27644.
2, 6911
What are the prime factors of 46647?
3, 71, 73
List the prime factors of 1559.
1559
List the prime factors of 249.
3, 83
List the prime factors of 360.
2, 3, 5
What are the prime factors of 5504?
2, 43
List the prime factors of 50401.
13, 3877
What are the prime factors of 883?
883
What are the prime factors of 2649?
3, 883
What are the prime factors of 10901?
11, 991
List the prime factors of 3102.
2, 3, 11, 47
What are the prime factors of 8659?
7, 1237
What are the prime factors of 16528?
2, 1033
List the prime factors of 17799.
3, 17, 349
List the prime factors of 1228.
2, 307
List the prime factors of 8320.
2, 5, 13
What are the prime factors of 10976?
2, 7
List the prime factors of 16110.
2, 3, 5, 179
What are the prime factors of 37271?
13, 47, 61
What are the prime factors of 28937?
19, 1523
List the prime factors of 954.
2, 3, 53
What are the prime factors of 6208?
2, 97
What are the prime factors of 1309?
7, 11, 17
What are the prime factors of 5872?
2, 367
What are the prime factors of 59701?
227, 263
List the prime factors of 914.
2, 457
What are the prime factors of 2274?
2, 3, 379
List the prime factors of 5563.
5563
List the prime factors of 6619.
6619
List the prime factors of 27992.
2, 3499
List the prime factors of 2801.
2801
List the prime factors of 33874.
2, 16937
What are the prime factors of 97?
97
What are the prime factors of 906?
2, 3, 151
What are the prime factors of 18168?
2, 3, 757
List the prime factors of 2389.
2389
List the prime factors of 52555.
5, 23, 457
What are the prime factors of 679?
7, 97
List the prime factors of 1250.
2, 5
List the prime factors of 735.
3, 5, 7
List the prime factors of 77837.
277, 281
What are the prime factors of 33359?
33359
What are the prime factors of 62479?
43, 1453
List the prime factors of 834.
2, 3, 139
List the prime factors of 4595.
5, 919
What are the prime factors of 3916?
2, 11, 89
List the prime factors of 18096.
2, 3, 13, 29
What are the prime factors of 29377?
29, 1013
What are the prime factors of 21360?
2, 3, 5, 89
List the prime factors of 2368.
2, 37
What are the prime factors of 17592?
2, 3, 733
List the prime factors of 2480.
2, 5, 31
What are the prime factors of 589?
19, 31
List the prime factors of 5459.
53, 103
What are the prime factors of 11330?
2, 5, 11, 103
List the prime factors of 682.
2, 11, 31
List the prime factors of 435.
3, 5, 29
List the prime factors of 2144.
2, 67
What are the prime factors of 909?
3, 101
What are the prime factors of 15486?
2, 3, 29, 89
What are the prime factors of 90669?
3, 30223
What are the prime factors of 1050?
2, 3, 5, 7
What are the prime factors of 1915?
5, 383
List the prime factors of 2527.
7, 19
List the prime factors of 18980.
2, 5, 13, 73
What are the prime factors of 804?
2, 3, 67
What are the prime factors of 1464?
2, 3, 61
List the prime factors of 1271.
31, 41
What are the prime factors of 65891?
7, 9413
What are the prime factors of 3897?
3, 433
What are the prime factors of 28603?
28603
What are the prim